 by 174?
8
Calculate the remainder when 3437 is divided by 124.
89
Calculate the remainder when 147742 is divided by 29546.
12
Calculate the remainder when 104451 is divided by 60.
51
What is the remainder when 190726 is divided by 23?
10
What is the remainder when 21368 is divided by 227?
30
What is the remainder when 101218 is divided by 53?
41
What is the remainder when 22230 is divided by 22192?
38
Calculate the remainder when 1687 is divided by 836.
15
Calculate the remainder when 5541 is divided by 19.
12
What is the remainder when 1034781 is divided by 14175?
6
Calculate the remainder when 202687 is divided by 10.
7
What is the remainder when 622 is divided by 591?
31
What is the remainder when 12889 is divided by 517?
481
Calculate the remainder when 1839 is divided by 180.
39
What is the remainder when 6644 is divided by 1155?
869
Calculate the remainder when 1884 is divided by 222.
108
Calculate the remainder when 215 is divided by 67.
14
What is the remainder when 1032401 is divided by 2581?
1
What is the remainder when 22405 is divided by 22?
9
What is the remainder when 551 is divided by 536?
15
Calculate the remainder when 15855 is divided by 3903.
243
What is the remainder when 754 is divided by 144?
34
Calculate the remainder when 55296 is divided by 3.
0
Calculate the remainder when 1044 is divided by 106.
90
Calculate the remainder when 7281 is divided by 215.
186
What is the remainder when 332930 is divided by 110972?
14
Calculate the remainder when 38609 is divided by 6406.
173
What is the remainder when 28346 is divided by 8?
2
What is the remainder when 2199570 is divided by 1083?
1080
Calculate the remainder when 1730 is divided by 379.
214
What is the remainder when 78173 is divided by 109?
20
What is the remainder when 24038 is divided by 1092?
14
Calculate the remainder when 3017454 is divided by 1424.
1422
Calculate the remainder when 50316 is divided by 91.
84
Calculate the remainder when 5196 is divided by 88.
4
What is the remainder when 377991 is divided by 37799?
1
Calculate the remainder when 105776 is divided by 430.
426
Calculate the remainder when 2899 is divided by 141.
79
Calculate the remainder when 2960 is divided by 481.
74
What is the remainder when 251 is divided by 75?
26
What is the remainder when 1690 is divided by 63?
52
What is the remainder when 19277 is divided by 1545?
737
What is the remainder when 4185598 is divided by 50?
48
Calculate the remainder when 142567 is divided by 201.
58
Calculate the remainder when 4269237 is divided by 1005.
1002
What is the remainder when 1273593 is divided by 515?
513
What is the remainder when 9421 is divided by 8?
5
What is the remainder when 9428 is divided by 9394?
34
What is the remainder when 10721 is divided by 5347?
27
What is the remainder when 588263 is divided by 381?
380
Calculate the remainder when 1360 is divided by 6.
4
Calculate the remainder when 1593 is divided by 497.
102
What is the remainder when 276290 is divided by 1137?
1136
Calculate the remainder when 10269 is divided by 5033.
203
What is the remainder when 374586 is divided by 148?
146
Calculate the remainder when 1354 is divided by 424.
82
Calculate the remainder when 56865 is divided by 43.
19
What is the remainder when 78716 is divided by 32?
28
Calculate the remainder when 2817 is divided by 1403.
11
Calculate the remainder when 79532 is divided by 15905.
7
What is the remainder when 8551 is divided by 410?
351
What is the remainder when 16067 is divided by 7982?
103
What is the remainder when 689847 is divided by 61?
59
What is the remainder when 41458 is divided by 75?
58
Calculate the remainder when 3905 is divided by 85.
80
Calculate the remainder when 3458 is divided by 350.
308
Calculate the remainder when 9082 is divided by 283.
26
What is the remainder when 12033 is divided by 3002?
25
What is the remainder when 171860 is divided by 847?
766
Calculate the remainder when 2723 is divided by 975.
773
Calculate the remainder when 1328 is divided by 866.
462
What is the remainder when 19232 is divided by 132?
92
What is the remainder when 2450 is divided by 598?
58
Calculate the remainder when 74674 is divided by 103.
102
Calculate the remainder when 36293 is divided by 33.
26
What is the remainder when 174705 is divided by 46?
43
What is the remainder when 7991 is divided by 663?
35
What is the remainder when 95998 is divided by 48?
46
What is the remainder when 6665 is divided by 6458?
207
What is the remainder when 88712 is divided by 368?
24
Calculate the remainder when 266879 is divided by 133424.
31
What is the remainder when 7009 is divided by 2327?
28
Calculate the remainder when 3872 is divided by 168.
8
What is the remainder when 18598 is divided by 50?
48
Calculate the remainder when 5221 is divided by 221.
138
What is the remainder when 495578 is divided by 10?
8
Calculate the remainder when 5009 is divided by 992.
49
What is the remainder when 19961 is divided by 1681?
1470
Calculate the remainder when 1341 is divided by 494.
353
Calculate the remainder when 17433 is divided by 329.
325
Calculate the remainder when 9350 is divided by 1557.
8
What is the remainder when 21509 is divided by 61?
37
Calculate the remainder when 4863 is divided by 193.
38
What is the remainder when 84794 is divided by 84785?
9
What is the remainder when 8798 is divided by 14?
6
Calculate the remainder when 32876 is divided by 1173.
32
What is the remainder when 3482 is divided by 67?
65
Calculate the remainder when 16086 is divided by 36.
30
What is the remainder when 160364 is divided by 483?
8
Calculate the remainder when 343333 is divided by 85809.
97
Calculate the remainder when 2539586 is divided by 30.
26
What is the remainder when 1306 is divided by 13?
6
What is the remainder when 2530 is divided by 2515?
15
What is the remainder when 14973 is divided by 48?
45
Calculate the remainder when 3777 is divided by 225.
177
What is the remainder when 62384 is divided by 20793?
5
Calculate the remainder when 1620 is divided by 566.
488
What is the remainder when 12681 is divided by 191?
75
What is the remainder when 394497 is divided by 263?
260
What is the remainder when 115137 is divided by 43?
26
What is the remainder when 35195 is divided by 7038?
5
What is the remainder when 978 is divided by 245?
243
Calculate the remainder when 403158 is divided by 586.
576
What is the remainder when 33411 is divided by 41?
37
Calculate the remainder when 845201 is divided by 61.
46
Calculate the remainder when 9322 is divided by 26.
14
Calculate the remainder when 39423 is divided by 4927.
7
What is the remainder when 6125518 is divided by 120?
118
Calculate the remainder when 50219 is divided by 186.
185
Calculate the remainder when 13055 is divided by 466.
7
Calculate the remainder when 6204 is divided by 3094.
16
What is the remainder when 17273 is divided by 163?
158
What is the remainder when 116211 is divided by 65?
56
What is the remainder when 20585 is divided by 3424?
41
What is the remainder when 29436 is divided by 413?
113
What is the remainder when 62418 is divided by 13?
5
What is the remainder when 318 is divided by 4?
2
Calculate the remainder when 8867 is divided by 373.
288
What is the remainder when 53091 is divided by 17689?
24
What is the remainder when 15035 is divided by 9?
5
What is the remainder when 76889 is divided by 22?
21
Calculate the remainder when 780 is divided by 67.
43
Calculate the remainder when 4016 is divided by 53.
41
What is the remainder when 1643 is divided by 160?
43
Calculate the remainder when 326733 is divided by 21.
15
What is the remainder when 392745 is divided by 26?
15
What is the remainder when 860 is divided by 52?
28
Calculate the remainder when 9712 is divided by 4813.
86
Calculate the remainder when 346 is divided by 154.
38
What is the remainder when 651 is divided by 16?
11
What is the remainder when 14167270 is divided by 84?
82
What is the remainder when 3189 is divided by 1539?
111
Calculate the remainder when 41028 is divided by 97.
94
What is the remainder when 10251 is divided by 1343?
850
What is the remainder when 15540 is divided by 5170?
30
Calculate the remainder when 357674 is divided by 31.
27
What is the remainder wh